 6*v + 8. Let y(z) = l*b(z) - 3*d(z). Determine y(5).
0
Let d(u) = -u**2 + 7*u + 7. Let b be d(7). Suppose -g + 3*q = b, -3*g = g + 2*q - 14. Let w(n) = 4*n + 1 - 6*n + n**2 + 0 + 2. Calculate w(g).
3
Let t = -2/3 + 1. Let u(r) be the second derivative of 0 + 3*r - t*r**3 - 2*r**2 + 1/12*r**4. Give u(4).
4
Let c = 1 - -3. Let f be 30/(-7) + c/14. Let i(z) = -6*z + 3. Let p(m) = -7*m + 3. Let d(r) = f*p(r) + 5*i(r). Determine d(3).
-3
Let n(m) = -2*m - 3. Let d = -22 - -34. Let f = d - 17. What is n(f)?
7
Let c(o) = -o**2 + 3*o - 1. Let h(n) = 18*n + 2. Let b be h(-1). Let y = 19 + b. Determine c(y).
-1
Let t(f) = -f**2 + 10. Let z be t(0). Suppose -z = -4*i + i - w, 0 = -4*i + 2*w. Suppose -k = i*k. Let s(h) = -h**2 + h + 3. Give s(k).
3
Let x be ((-2)/5)/((-2)/20). Let v(r) be the first derivative of -3 + 3 + r - 3 - r**2 - 1. What is v(x)?
-7
Let n(m) = -5. Let u(a) = a - 21. Let c(f) = -9*n(f) + 2*u(f). Let v = -22 + 9. Let d = v - -16. What is c(d)?
9
Let v(x) = -x + 7. Let n = 2 - 3. Let h(f) = 5*f**2 - 1 - 4*f**2 - 6*f**3 - f**2. Let j be h(n). What is v(j)?
2
Let l(b) = -b**2 + b + 2. Let t(u) = u**2 - 2*u + 1. Let z be t(5). Suppose 0*h - 4*h + z = 0. Suppose -h*n = -n + 6. What is l(n)?
-4
Let b(m) be the second derivative of 7*m**5/20 + m**4/12 + m**3/3 + m**2/2 + 2*m. Let c be (-7)/5 + (-14)/(-35). What is b(c)?
-7
Let g(a) = 1 - 1 + 3 - a**2 - 4*a. Suppose -2*p - 2 = 3*i, 2*i - 6*i - 5*p - 5 = 0. Suppose -z - 5 + 1 = i. Determine g(z).
3
Let r(t) = 5*t**3 - 5*t**2 - 5*t + 5. Let k(s) = -14*s**3 + 14*s**2 + 14*s - 15. Let z(x) = 4*k(x) + 11*r(x). What is z(0)?
-5
Let t be (-3 + 5)*(2 + -3). Let k be ((t - -2) + 1)*5. Let r(y) be the first derivative of y**2/2 - 12*y + 1. Determine r(k).
-7
Let k(d) = 9*d**3 + 4*d**2 + 19*d + 7. Let f(y) = -4*y**3 - 2*y**2 - 9*y - 3. Let i(x) = -13*f(x) - 6*k(x). Determine i(2).
-5
Suppose -2*k - j = 4*j - 12, 5*k - 30 = 4*j. Let y(z) = -27*z + 29*z - z**2 + z**3 - 4 + k*z**2. Let i be 2/5 - 51/15. Give y(i).
8
Let o(f) = -4*f**2 - 1 + 5*f**2 - 9 - 7*f. Calculate o(7).
-10
Let j(f) = -3*f + 2. Suppose 0 = 4*d + 10 + 2. Let a = d - -5. What is j(a)?
-4
Suppose 0 = -7*s + 9*s - 40. Suppose j - f - 24 = 4*f, 0 = 5*j - 5*f - s. Let u(d) = -8*d**3 - 2*d**2 - 2*d - 1. What is u(j)?
7
Let q be (-1)/(2 + (-33)/15). Let h(x) = -x**2 + 4*x + 7. Give h(q).
2
Let i = -4 + 7. Let s(v) be the second derivative of 1/6*v**i - v + 0 - 3/2*v**2. Determine s(5).
2
Let x be -1 - (2 - (-4)/(-4) - 2). Let b(u) = -2*u**2 + 4*u + 4. Let z(k) = -5*k**2 + 11*k + 11. Let s(w) = -8*b(w) + 3*z(w). Calculate s(x).
1
Suppose -i - 3*o + 25 = 0, -3*o + o + 54 = 3*i. Let s be (-8 + 2)*(-10)/(-6). Let n = i + s. Let q(c) = c**2 - 7*c + 7. Calculate q(n).
1
Let d(f) = 5*f - f**3 + 0*f - 2*f + 3*f**2 + 4. Let i be d(4). Let x(a) = a**3 + a**2 + a - 2. What is x(i)?
-2
Let o(p) be the first derivative of 11 + 3/2*p**2 - 2*p + 1/3*p**3. Determine o(3).
16
Let u(p) be the third derivative of p**6/120 + p**5/15 + p**4/12 - p**3/2 - 15*p**2. What is u(-3)?
0
Let f(j) be the first derivative of 7/2*j**2 + 1 + 3*j + 1/3*j**3. What is f(-6)?
-3
Let p(z) = z**3 - 7*z**2 + 5*z - 3. Let k(b) = -b**2 - 9*b + 11. Let r be k(-10). Let q be 8*1 - (3 - r). What is p(q)?
-9
Let x(h) be the first derivative of h**3/3 - 7*h**2/2 + 9*h + 7. Give x(7).
9
Let s(p) = 2*p**2 + 3*p + 1. Let u(z) = z**2 + 3*z. Let t(l) = 2*s(l) - 3*u(l). What is t(3)?
2
Let h(a) be the first derivative of -a**4/4 + a**2/2 - 2*a - 6. Let c(z) = -z + 6. Let j be c(6). Calculate h(j).
-2
Let b(g) = -10*g**3 - g**2 + g + 1. Let a(o) = -o**2 + 5*o - 2. Let h be a(4). Suppose 0 = h*s + 1 + 1. Give b(s).
9
Let c(n) = n - 2. Let j(t) be the third derivative of t**6/120 - t**4/24 - t**3/3 - t**2. Let h be ((-9)/(-3))/((-9)/(-6)). Let m be j(h). Give c(m).
2
Let g(u) = -2*u - 3. Suppose -4*n = -5*p + 4, -4*n - p - p + 24 = 0. Suppose 0 = -f + n*f - 15. Suppose -f*l - 6 = 9. Give g(l).
3
Let t(k) = 5*k**3 + k**2. Let m be t(1). Let s(w) = 7*w**2 - 6*w - 7. Let z(a) = 7*a**2 - 5*a - 6. Let v(d) = m*z(d) - 5*s(d). What is v(1)?
6
Let o(d) = 2*d**2 + 9*d + 1. Let z be (4/(-6)*9)/1. Give o(z).
19
Let a(i) = -3*i + 1. Let k(p) = -p + 1. Let x(c) = -2*a(c) + 5*k(c). Determine x(0).
3
Let h(q) = q + 7. Let w be (-6)/8 - (-1)/(-4). Let y(v) = 1. Let t(m) = w*h(m) + 3*y(m). Calculate t(0).
-4
Let w(c) = -c**2 - 1. Let q(a) = 5*a**2 + a. Let s(t) = q(t) + 4*w(t). Let d be s(-3). Let y(o) = -2*o**2 + 2*o. What is y(d)?
-4
Let k be (-1)/(6/4 - 2). Let r(a) = -a**2 + a - 2. Give r(k).
-4
Let p(d) = d**2 + 11*d + 12. Suppose 2*b - 26 = 5*b + 2*z, 3*z - 29 = 4*b. Determine p(b).
-12
Let k(h) = 3*h**2 + 1 - h**2 - 3*h**2 - 2*h**3. Let d(q) = q + 7. Let x be d(-6). What is k(x)?
-2
Let u(z) = -3*z - 3 - 2*z**3 + 3*z**3 - z. Suppose f - 4*b = 6, -5*f - 2*b = 7 + 7. Determine u(f).
-3
Let o(l) be the third derivative of -l**6/120 + 2*l**5/15 - 3*l**4/8 + l**3 + 11*l**2. Determine o(7).
-8
Let w(p) = p**3 - 5*p**2 + 3*p + 1. Suppose 0 = 2*s - 0*s - 16. Suppose -15 = -s*o + 3*o. Let h = o - -1. Give w(h).
-3
Suppose 0*g + 100 = -5*i - g, -47 = 3*i - 2*g. Let c = i - -22. Let t(b) = -2*b**3 + 3*b**2 + 3*b + 3. Calculate t(c).
-15
Let c(v) = -v**2 - 9*v + 3. Let s be c(-9). Let n = s - 5. Let u(q) = q**2 + 4*q. Calculate u(n).
-4
Let i(p) = -8*p - 4*p**2 - 5 + 3*p**3 - 2*p**3 + 4*p + 3. Calculate i(5).
3
Suppose 0 = j + 5*p - 10 - 2, 0 = j - 4*p + 6. Let l(k) = -k + 0*k + 3*k**2 - 2*k. Determine l(j).
6
Let k(t) be the first derivative of -5*t**2/2 + 23. Let j = 2 + -2. Suppose c - 1 = -j. What is k(c)?
-5
Let q(l) = l**2 - l - 6. Suppose 0*x = -5*x. Give q(x).
-6
Let z(l) be the second derivative of -l**5/20 + l**4/4 + l**3/6 - l**2 + 40*l. Determine z(2).
4
Let b = 5 - 4. Let w(o) = -b + 9*o + 3 - 1. What is w(-1)?
-8
Let r(l) = -3*l - 4. Suppose 3*q + 35 = -5*i, 5*i - 2*q - 2 = -12. Let t(m) = 6*m - 3. Let g(h) = h - 1. Let d(x) = -10*g(x) + 2*t(x). Let u be d(i). Give r(u).
8
Let l(z) be the third derivative of 0 + 1/12*z**5 + 1/3*z**4 - 1/120*z**6 + 0*z + 0*z**3 + 3*z**2. Determine l(6).
12
Let h be (3/6)/(3/(-60)). Let q = h + 11. Let u(w) = 7*w**3. Calculate u(q).
7
Suppose -4*y - 5 = y + 5*w, -2*w - 8 = -4*y. Let o(a) = -14*a - 1. Calculate o(y).
-15
Suppose 4*l = 27 - 7. Suppose -g = -2*g + 5. Let v(f) = -f + 4 - g - 5 + 2*f. Determine v(l).
-1
Let p(v) = 0 + 0 - 6*v - 1 - 2*v**2 + 2*v. Let n(o) = o**2 + 5*o + 1. Let t(k) = -3*n(k) - 2*p(k). Calculate t(7).
-1
Let t(m) = m**3 + 7*m**2 + 8*m + 5. Let g be (-14)/2 - (-2)/2. What is t(g)?
-7
Let m(p) = -p + 2. Let t(w) = -w**3 + 2*w**2 - 5*w + 4. Let z be t(1). Give m(z).
2
Let l(b) = -b**2 - 2*b. Let r be 4/8*6*-1. Calculate l(r).
-3
Let n(l) = l**3 - l**2 - 5*l + 1. Let v(h) be the first derivative of 0*h**3 + 0*h + 3 + 2*h**2 - 1/4*h**4. Let x(b) = -2*n(b) - 3*v(b). Calculate x(-3).
-5
Let t(f) = -5*f**2 - 1. Let l(d) = d**3 + 8*d**2 - 8*d + 8. Let i be l(-9). Calculate t(i).
-6
Let h(m) = m**2 + 5*m - 5. Let d be h(-6). Let z(s) = -9*s + 1. Determine z(d).
-8
Let b(j) = 2*j**2 - 3 - j**3 - 2 + 3 + 6*j - 2. Let q(x) = -2*x**3 + 3*x**2 + 11*x - 9. Let o(d) = -7*b(d) + 3*q(d). Calculate o(6).
-17
Suppose 31 = -8*y + 7. Let z(g) be the first derivative of -g**4/4 - g**3/3 + g**2 - 2*g + 2. What is z(y)?
10
Suppose -2*w - 6 = w. Let y = 5 + w. Let q(a) = 13*a**2 + 4*a - 6. Let u(s) = -5*s**2 - 2*s + 3. Let i(b) = -2*q(b) - 5*u(b). Give i(y).
-6
Let g(y) = -3*y**3 - 8*y**2 - 5*y - 13. Let r(q) = -2*q**3 - 4*q**2 - 2*q - 7. Let f(o) = 3*g(o) - 5*r(o). What is f(5)?
-4
Let b(t) = 4*t**2 - t**2 + 3*t - 2*t**2 + 3. Let h be ((-1)/(-3))/((-4)/36). Let s be 1/((-2)/h + -1). Determine b(s).
3
Let b(y) = 3*y**2 - 4. Let a(z) = 7*z**2 + z - 8. Let r(x) = 4*a(x) - 9*b(x). Suppose -5*l + 2 = 22, 3*n - 4*l = 4. What is r(n)?
4
Let w(q) = -2*q + 17. Let s(j) = j - 8. Let b(o) = -9*s(o) - 4*w(o). Suppose 5*u - 8 = -23. What is b(u)?
7
Let i = 3 - -2. Suppose 5*g - g + 28 = 0. Let x(a) = -3*a**2 + 2*a - 7. Let y(f) = -4*f**2 + 3*f - 10. Let b(p) = g*x(p) + i*y(p). Give b(1).
1
Let r(z) = z + 5. Let u = -1 - -5. Suppose -u - 8 = 3*g. What is r(g)?
1
Let k = 11 + -8. Suppose 0 = 2*p + k*p - 5. Let u(z) = -4*z**3 - z**2 - z + 1. Determine u(p).
-5
Let a(m) = -3*m**2 + 5*